{"id":3823,"date":"2017-04-07T15:10:42","date_gmt":"2017-04-07T08:10:42","guid":{"rendered":"https:\/\/consoc.com.vn\/?post_type=product&#038;p=3823"},"modified":"2025-11-13T15:12:22","modified_gmt":"2025-11-13T08:12:22","slug":"ca-phe-u-lanh-cold-brew","status":"publish","type":"product","link":"https:\/\/consoc.com.vn\/?product=ca-phe-u-lanh-cold-brew&lang=vi","title":{"rendered":"C\u00e0 Ph\u00ea \u1ee6 L\u1ea1nh Cold Brew"},"content":{"rendered":"<p>-\u0110\u1ed9 rang trung b\u00ecnh, nh\u1eb9.<br \/>\n-H\u01b0\u01a1ng hoa, th\u1ea3o m\u1ed9c, h\u1eadu v\u1ecb ng\u1ecdt, chua thanh, \u00edt \u0111\u1eafng.<br \/>\n-S\u1ea3n ph\u1ea9m \u0111\u01b0\u1ee3c \u0111\u00f3ng g\u00f3i d\u1ea1ng t\u00fai l\u1ecdc d\u00e0nh cho ng\u01b0\u1eddi b\u1eadn r\u1ed9n, d\u00f9ng \u0111\u1ec3 pha c\u00e0 ph\u00ea \u1ee7 l\u1ea1nh cold brew.<br \/>\n-U\u1ed1ng ngon h\u01a1n khi ng\u00e2m \u1ee7 c\u00f9ng v\u1edbi cam v\u00e0ng ho\u1eb7c k\u1ebft h\u1ee3p c\u00f9ng v\u1edbi c\u00e1c lo\u1ea1i tr\u00e1i c\u00e2y nhi\u1ec7t \u0111\u1edbi.<br \/>\n-G\u1ed3m: 7 t\u00fai l\u1ecdc x 22gr.<\/p>\n","protected":false},"excerpt":{"rendered":"<p>Arabica C\u1ea7u \u0110\u1ea5t + Arabica Ethiopia<\/p>\n","protected":false},"featured_media":3782,"comment_status":"open","ping_status":"closed","template":"","meta":[],"product_cat":[198],"product_tag":[],"_links":{"self":[{"href":"https:\/\/consoc.com.vn\/index.php?rest_route=\/wp\/v2\/product\/3823"}],"collection":[{"href":"https:\/\/consoc.com.vn\/index.php?rest_route=\/wp\/v2\/product"}],"about":[{"href":"https:\/\/consoc.com.vn\/index.php?rest_route=\/wp\/v2\/types\/product"}],"replies":[{"embeddable":true,"href":"https:\/\/consoc.com.vn\/index.php?rest_route=%2Fwp%2Fv2%2Fcomments&post=3823"}],"wp:featuredmedia":[{"embeddable":true,"href":"https:\/\/consoc.com.vn\/index.php?rest_route=\/wp\/v2\/media\/3782"}],"wp:attachment":[{"href":"https:\/\/consoc.com.vn\/index.php?rest_route=%2Fwp%2Fv2%2Fmedia&parent=3823"}],"wp:term":[{"taxonomy":"product_cat","embeddable":true,"href":"https:\/\/consoc.com.vn\/index.php?rest_route=%2Fwp%2Fv2%2Fproduct_cat&post=3823"},{"taxonomy":"product_tag","embeddable":true,"href":"https:\/\/consoc.com.vn\/index.php?rest_route=%2Fwp%2Fv2%2Fproduct_tag&post=3823"}],"curies":[{"name":"wp","href":"https:\/\/api.w.org\/{rel}","templated":true}]}}