{"id":93,"date":"2017-03-01T08:56:48","date_gmt":"2017-03-01T08:56:48","guid":{"rendered":"http:\/\/consoc.com.vn\/?page_id=93"},"modified":"2019-02-16T01:17:08","modified_gmt":"2019-02-15T18:17:08","slug":"exclusive-design","status":"publish","type":"page","link":"https:\/\/consoc.com.vn\/?page_id=93&lang=vi","title":{"rendered":"Gi\u1ea3i ph\u00e1p m\u1edbi"},"content":{"rendered":"<div class=\"clearfix\">\n<header class=\"name-product hd-bg hd-Exclusivedesign vietnam\"><\/header>\n<\/p><\/div>\n<div class=\"aboutUs contain\">\n<div class=\"row\">\n<div class=\"col-lg-12 col-md-12 col-sm-12 col-xs-12\">\n<section class=\"infor-about\">\n<div class=\"media\">\n<div class=\"media-left\"><a href=\"#\"><br \/>\n<img decoding=\"async\" class=\"media-object\" src=\"https:\/\/consoc.com.vn\/wp-content\/uploads\/2017\/03\/con-soc-coffee-paper-filter-logo-1.jpg\" alt=\"...\" \/><br \/>\n<\/a><\/div>\n<div class=\"media-body\">\n<div class=\"paragraphs\">\n<p>&nbsp;<\/p>\n<p>C\u00e0 ph\u00ea Phin l\u1ecdc gi\u1ea5y l\u00e0 1 s\u00e1ng ch\u1ebf \u0111\u01b0\u1ee3c b\u1ea3o h\u1ed9 c\u1ee7a C\u00e0 ph\u00ea Con S\u00f3c v\u1edbi nhi\u1ec1u \u01b0u \u0111i\u1ec3m \u0111\u1ed9c \u0111\u00e1o v\u00e0 ti\u1ec7n d\u1ee5ng:<\/p>\n<ul class=\"bullets\" style=\"font-size:17px\">\n<li style=\"padding-left:30px; font-size:17px\"><strong>Nhanh:<\/strong> pha 1 ly c\u00e0 ph\u00ea trong v\u00f2ng 1 ph\u00fat v\u00e0 d\u00f9ng ngay v\u1edbi \u0111\u01b0\u1eddng ho\u1eb7c s\u1eefa.<\/li>\n<li style=\"padding-left:30px; font-size:17px\"><strong>Ti\u1ec7n d\u1ee5ng:<\/strong> ch\u1ec9 c\u1ea7n th\u00eam n\u01b0\u1edbc s\u00f4i, d\u00f9ng \u0111\u01b0\u1ee3c m\u1ecdi l\u00fac, m\u1ecdi n\u01a1i, kh\u00f4ng m\u1ea5t c\u00f4ng r\u1eeda phin, d\u1ee5ng c\u1ee5 pha ch\u1ebf.<\/li>\n<li style=\"padding-left:30px; font-size:17px\"><strong>Ch\u1ea5t l\u01b0\u1ee3ng:<\/strong> gi\u1eef \u0111\u01b0\u1ee3c h\u01b0\u01a1ng v\u1ecb t\u1ef1 nhi\u00ean c\u1ee7a c\u00e0 ph\u00ea, l\u00e0 c\u00e0 ph\u00ea b\u1ed9t rang xay, nguy\u00ean ch\u1ea5t kh\u00f4ng ph\u1ea3i c\u00e0 ph\u00ea h\u00f2a tan.<\/li>\n<\/ul>\n<p>\u0110\u01b0\u1ee3c \u0111\u00f3ng g\u00f3i trong h\u1ed9p phin \u0111\u01a1n, phin \u0111\u00f4i v\u00e0 ly gi\u1ea5y. (<a href=\"https:\/\/consoc.com.vn\/?page_id=225&amp;lang=vi\">Xem S\u1ea3n ph\u1ea9m<\/a>).<\/p>\n<\/div>\n<\/div>\n<\/div>\n<div class=\"media\">\n<div class=\"media-body\">\n<div class=\"paragraphs\"><img decoding=\"async\" class=\"img-responsive\" src=\"https:\/\/consoc.com.vn\/wp-content\/uploads\/2017\/05\/Huong-Dan-Su-Dung.jpg\" alt=\"\" \/><\/div>\n<\/div>\n<\/div>\n<\/section>\n<\/div>\n<\/div>\n<\/div>\n","protected":false},"excerpt":{"rendered":"<p>&nbsp; C\u00e0 ph\u00ea Phin l\u1ecdc gi\u1ea5y l\u00e0 1 s\u00e1ng ch\u1ebf \u0111\u01b0\u1ee3c b\u1ea3o h\u1ed9 c\u1ee7a C\u00e0 ph\u00ea Con S\u00f3c v\u1edbi nhi\u1ec1u \u01b0u \u0111i\u1ec3m \u0111\u1ed9c \u0111\u00e1o v\u00e0 ti\u1ec7n d\u1ee5ng: Nhanh: pha 1 ly c\u00e0 ph\u00ea trong v\u00f2ng 1 ph\u00fat v\u00e0 d\u00f9ng ngay v\u1edbi \u0111\u01b0\u1eddng ho\u1eb7c s\u1eefa. Ti\u1ec7n d\u1ee5ng: ch\u1ec9 c\u1ea7n th\u00eam n\u01b0\u1edbc s\u00f4i, d\u00f9ng \u0111\u01b0\u1ee3c m\u1ecdi l\u00fac, &hellip; <\/p>\n<p class=\"link-more\"><a href=\"https:\/\/consoc.com.vn\/?page_id=93&#038;lang=vi\" class=\"more-link\">Continue reading<span class=\"screen-reader-text\"> &#8220;Gi\u1ea3i ph\u00e1p m\u1edbi&#8221;<\/span><\/a><\/p>\n","protected":false},"author":1,"featured_media":0,"parent":0,"menu_order":0,"comment_status":"closed","ping_status":"closed","template":"","meta":{"footnotes":""},"_links":{"self":[{"href":"https:\/\/consoc.com.vn\/index.php?rest_route=\/wp\/v2\/pages\/93"}],"collection":[{"href":"https:\/\/consoc.com.vn\/index.php?rest_route=\/wp\/v2\/pages"}],"about":[{"href":"https:\/\/consoc.com.vn\/index.php?rest_route=\/wp\/v2\/types\/page"}],"author":[{"embeddable":true,"href":"https:\/\/consoc.com.vn\/index.php?rest_route=\/wp\/v2\/users\/1"}],"replies":[{"embeddable":true,"href":"https:\/\/consoc.com.vn\/index.php?rest_route=%2Fwp%2Fv2%2Fcomments&post=93"}],"version-history":[{"count":16,"href":"https:\/\/consoc.com.vn\/index.php?rest_route=\/wp\/v2\/pages\/93\/revisions"}],"predecessor-version":[{"id":3160,"href":"https:\/\/consoc.com.vn\/index.php?rest_route=\/wp\/v2\/pages\/93\/revisions\/3160"}],"wp:attachment":[{"href":"https:\/\/consoc.com.vn\/index.php?rest_route=%2Fwp%2Fv2%2Fmedia&parent=93"}],"curies":[{"name":"wp","href":"https:\/\/api.w.org\/{rel}","templated":true}]}}