{"id":1291,"date":"2017-04-21T10:34:05","date_gmt":"2017-04-21T10:34:05","guid":{"rendered":"http:\/\/consoc.com.vn\/?page_id=1291"},"modified":"2019-02-16T02:09:12","modified_gmt":"2019-02-15T19:09:12","slug":"chinh-sach-bao-mat","status":"publish","type":"page","link":"https:\/\/consoc.com.vn\/?page_id=1291&lang=vi","title":{"rendered":"Ch\u00ednh s\u00e1ch b\u1ea3o m\u1eadt"},"content":{"rendered":"<div class=\"titleMain clearfix\">\n<header class=\"name-product\">\n<h1>Ch\u00ednh s\u00e1ch b\u1ea3o m\u1eadt<\/h1>\n<\/header>\n<\/div>\n<div class=\"pri-policy contain\">\n<div class=\"row\">\n<div class=\"col-lg-12 col-md-12 col-sm-12 col-xs-12\">\n<section class=\"infor-about\">\n<div class=\"media\">\n<div class=\"media-body\">\n<div class=\"paragraphs\">\n<p>HTX C\u00f4ng N\u00f4ng Tr\u01b0\u1eddng S\u01a1n cam k\u1ebft tu\u00e2n th\u1ee7 c\u00e1c quy \u0111\u1ecbnh c\u1ee7a ph\u00e1p lu\u1eadt v\u1ec1 b\u1ea3o m\u1eadt th\u00f4ng tin c\u00e1 nh\u00e2n, kh\u00f4ng chia s\u1ebb hay trao \u0111\u1ed5i th\u00f4ng tin c\u00e1 nh\u00e2n c\u1ee7a kh\u00e1ch h\u00e0ng thu th\u1eadp tr\u00ean website: www.consoc.com.vn<\/p>\n<p><strong>a.M\u1ee5c \u0111\u00edch thu th\u1eadp th\u00f4ng tin c\u00e1 nh\u00e2n:<\/strong><\/p>\n<p>\u0110\u1ec3 \u0111\u1ea3m b\u1ea3o vi\u1ec7c thanh to\u00e1n v\u00e0 giao nh\u1eadn h\u00e0ng h\u00f3a, \u0111\u1ea3m b\u1ea3o quy\u1ec1n l\u1ee3i cho kh\u00e1ch h\u00e0ng nh\u01b0: x\u00e1c \u0111\u1ecbnh \u0111\u1ecba ch\u1ec9 giao h\u00e0ng, th\u00f4ng b\u00e1o v\u1ec1 vi\u1ec7c giao h\u00e0ng v\u00e0 h\u1ed7 tr\u1ee3 kh\u00e1ch h\u00e0ng, cung c\u1ea5p c\u00e1c th\u00f4ng tin li\u00ean quan \u0111\u1ebfn s\u1ea3n ph\u1ea9m, x\u1eed l\u00fd \u0111\u01a1n \u0111\u1eb7t h\u00e0ng qua trang web c\u1ee7a c\u00f4ng ty.<\/p>\n<p>Ngo\u00e0i ra, C\u00f4ng ty s\u1ebd s\u1eed d\u1ee5ng th\u00f4ng tin c\u00e1 nh\u00e2n c\u1ee7a kh\u00e1ch h\u00e0ng cung c\u1ea5p \u0111\u1ec3 h\u1ed7 tr\u1ee3 qu\u1ea3n l\u00fd t\u00e0i kho\u1ea3n kh\u00e1ch h\u00e0ng, x\u00e1c nh\u1eadn v\u00e0 th\u1ef1c hi\u1ec7n c\u00e1c giao d\u1ecbch t\u00e0i ch\u00ednh li\u00ean quan \u0111\u1ebfn c\u00e1c kho\u1ea3n thanh to\u00e1n tr\u1ef1c tuy\u1ebfn c\u1ee7a kh\u00e1ch h\u00e0ng.<\/p>\n<p><strong>b.Ph\u1ea1m vi s\u1eed d\u1ee5ng th\u00f4ng tin:<\/strong><\/p>\n<p>Th\u00f4ng tin c\u00e1 nh\u00e2n c\u1ee7a kh\u00e1ch h\u00e0ng ch\u1ec9 \u0111\u01b0\u1ee3c s\u1eed d\u1ee5ng trong n\u1ed9i b\u1ed9 \u0111\u1ec3 x\u00e1c nh\u1eadn c\u00e1c th\u00f4ng tin li\u00ean quan \u0111\u1ebfn c\u00e1c giao d\u1ecbch mua b\u00e1n h\u00e0ng h\u00f3a v\u00e0 thanh to\u00e1n tr\u1ef1c tuy\u1ebfn. Ngo\u00e0i ra, C\u00f4ng ty c\u00f3 th\u1ec3 chia s\u1ebb t\u00ean, \u0111\u1ecba ch\u1ec9, s\u1ed1 \u0111i\u1ec7n tho\u1ea1i cho d\u1ecbch v\u1ee5 chuy\u1ec3n ph\u00e1t ho\u1eb7c nh\u00e0 cung c\u1ea5p \u0111\u1ec3 th\u1ef1c hi\u1ec7n vi\u1ec7c giao h\u00e0ng cho qu\u00fd kh\u00e1ch.<\/p>\n<p><strong>c.Th\u1eddi gian l\u01b0u tr\u1eef th\u00f4ng tin:<\/strong><\/p>\n<p>\u0110\u1ed1i v\u1edbi c\u00e1c th\u00f4ng tin c\u00e1 nh\u00e2n, ch\u00fang t\u00f4i s\u1ebd x\u00f3a d\u1eef li\u1ec7u khi kh\u00e1ch h\u00e0ng y\u00eau c\u1ea7u ho\u1eb7c kh\u00e1ch h\u00e0ng c\u00f3 th\u1ec3 t\u1ef1 \u0111\u0103ng nh\u1eadp v\u00e0o t\u00e0i kho\u1ea3n c\u1ee7a kh\u00e1ch h\u00e0ng \u0111\u1ec3 x\u00f3a th\u00f4ng tin c\u1ee7a m\u00ecnh.<\/p>\n<p><strong>d.Nh\u1eefng ng\u01b0\u1eddi ho\u1eb7c t\u1ed5 ch\u1ee9c c\u00f3 th\u1ec3 \u0111\u01b0\u1ee3c ti\u1ebfp c\u1eadn v\u1edbi th\u00f4ng tin:<\/strong><\/p>\n<p>C\u00f4ng ty s\u1ebd kh\u00f4ng chia s\u1ebb th\u00f4ng tin c\u1ee7a kh\u00e1ch h\u00e0ng cho b\u1ea5t k\u1ef3 m\u1ed9t C\u00f4ng ty n\u00e0o kh\u00e1c ngo\u1ea1i tr\u1eeb nh\u1eefng C\u00f4ng ty v\u00e0 b\u00ean th\u1ee9 ba c\u00f3 li\u00ean quan tr\u1ef1c ti\u1ebfp \u0111\u1ebfn vi\u1ec7c giao h\u00e0ng m\u00e0 kh\u00e1ch h\u00e0ng \u0111\u00e3 mua t\u1ea1i website: www.consoc.com.vn. Trong m\u1ed9t v\u00e0i tr\u01b0\u1eddng h\u1ee3p \u0111\u1eb7c bi\u1ec7t, C\u00f4ng ty c\u00f3 th\u1ec3 b\u1ecb y\u00eau c\u1ea7u ph\u1ea3i ti\u1ebft l\u1ed9 th\u00f4ng tin c\u00e1 nh\u00e2n cho m\u1ee5c \u0111\u1ecbch th\u1ef1c thi ph\u00e1p lu\u1eadt. Ch\u00fang t\u00f4i cam k\u1ebft tu\u00e2n th\u1ee7 c\u00e1c quy \u0111\u1ecbnh b\u1ea3o m\u1eadt c\u1ee7a Ngh\u1ecb \u0111\u1ecbnh 52\/2013\/N\u0110-CP.<\/p>\n<p><strong>e.\u0110\u1ecba ch\u1ec9 c\u1ee7a \u0111\u01a1n v\u1ecb thu th\u1eadp v\u00e0 qu\u1ea3n l\u00fd th\u00f4ng tin:<\/strong><\/p>\n<p>HTX C\u00f4ng N\u00f4ng Tr\u01b0\u1eddng S\u01a1n<br \/>\n\u0110\u1ecba ch\u1ec9: 34B \u1ea4p 5, X\u00e3 Xu\u00e2n th\u1edbi S\u01a1n, Huy\u1ec7n H\u00f3c M\u00f4n, Tp.HCM<br \/>\n\u0110i\u1ec7n tho\u1ea1i: (84.28) 37270094 \/ Fax: (84.28) 62833137<\/p>\n<p><strong>f.Ph\u01b0\u01a1ng th\u1ee9c v\u00e0 c\u00f4ng c\u1ee5 \u0111\u1ec3 ng\u01b0\u1eddi ti\u00eau d\u00f9ng ti\u1ebfp c\u1eadn v\u00e0 ch\u1ec9nh s\u1ee9a d\u1eef li\u1ec7u c\u00e1 nh\u00e2n:<\/strong><\/p>\n<p>Ng\u01b0\u1eddi d\u00f9ng c\u00f3 th\u1ec3 \u0111\u0103ng nh\u1eadp v\u00e0o t\u00e0i kho\u1ea3n c\u1ee7a m\u00ecnh tr\u00ean website: www.consoc.com.vn v\u00e0 d\u00f9ng ch\u1ee9c n\u0103ng \u201cCh\u1ec9nh s\u1eeda\u201d \u0111\u1ec3 \u0111i\u1ec1u ch\u1ec9nh ho\u1eb7c y\u00eau c\u1ea7u x\u00f3a d\u1eef li\u1ec7u c\u00e1 nh\u00e2n c\u1ee7a m\u00ecnh.<\/p>\n<\/div>\n<\/div>\n<\/div>\n<\/section>\n<\/div>\n<\/div>\n<\/div>\n","protected":false},"excerpt":{"rendered":"<p>Ch\u00ednh s\u00e1ch b\u1ea3o m\u1eadt HTX C\u00f4ng N\u00f4ng Tr\u01b0\u1eddng S\u01a1n cam k\u1ebft tu\u00e2n th\u1ee7 c\u00e1c quy \u0111\u1ecbnh c\u1ee7a ph\u00e1p lu\u1eadt v\u1ec1 b\u1ea3o m\u1eadt th\u00f4ng tin c\u00e1 nh\u00e2n, kh\u00f4ng chia s\u1ebb hay trao \u0111\u1ed5i th\u00f4ng tin c\u00e1 nh\u00e2n c\u1ee7a kh\u00e1ch h\u00e0ng thu th\u1eadp tr\u00ean website: www.consoc.com.vn a.M\u1ee5c \u0111\u00edch thu th\u1eadp th\u00f4ng tin c\u00e1 nh\u00e2n: \u0110\u1ec3 \u0111\u1ea3m b\u1ea3o &hellip; <\/p>\n<p class=\"link-more\"><a href=\"https:\/\/consoc.com.vn\/?page_id=1291&#038;lang=vi\" class=\"more-link\">Continue reading<span class=\"screen-reader-text\"> &#8220;Ch\u00ednh s\u00e1ch b\u1ea3o m\u1eadt&#8221;<\/span><\/a><\/p>\n","protected":false},"author":1,"featured_media":0,"parent":0,"menu_order":0,"comment_status":"closed","ping_status":"closed","template":"","meta":{"footnotes":""},"_links":{"self":[{"href":"https:\/\/consoc.com.vn\/index.php?rest_route=\/wp\/v2\/pages\/1291"}],"collection":[{"href":"https:\/\/consoc.com.vn\/index.php?rest_route=\/wp\/v2\/pages"}],"about":[{"href":"https:\/\/consoc.com.vn\/index.php?rest_route=\/wp\/v2\/types\/page"}],"author":[{"embeddable":true,"href":"https:\/\/consoc.com.vn\/index.php?rest_route=\/wp\/v2\/users\/1"}],"replies":[{"embeddable":true,"href":"https:\/\/consoc.com.vn\/index.php?rest_route=%2Fwp%2Fv2%2Fcomments&post=1291"}],"version-history":[{"count":6,"href":"https:\/\/consoc.com.vn\/index.php?rest_route=\/wp\/v2\/pages\/1291\/revisions"}],"predecessor-version":[{"id":3178,"href":"https:\/\/consoc.com.vn\/index.php?rest_route=\/wp\/v2\/pages\/1291\/revisions\/3178"}],"wp:attachment":[{"href":"https:\/\/consoc.com.vn\/index.php?rest_route=%2Fwp%2Fv2%2Fmedia&parent=1291"}],"curies":[{"name":"wp","href":"https:\/\/api.w.org\/{rel}","templated":true}]}}